 highest common factor of y and 10?
10
Suppose 0*b = 8*b - 32. Let y(v) = -v**3 + 7*v**2 - v + 1. Let w be y(b). What is the greatest common factor of 5 and w?
5
Let u(d) = -2*d - 9. Let m be u(5). Let r = -20 - m. Let i be (-1)/(r/15 + 0). Calculate the highest common divisor of 135 and i.
15
Suppose -6*f = -f - 1760. Suppose 2*z - 330 = f. Let j = 155 - 124. Calculate the greatest common divisor of j and z.
31
Let n be (-3096)/(-60) - 4/(-10). Calculate the greatest common factor of 104 and n.
52
Let x(a) = -a**3 + 9*a**2 - 3*a + 14. Let t be x(6). What is the greatest common factor of 13 and t?
13
Let m(x) = -3 - 3 - 143*x + 141*x. Let c = -9 + 3. Let n be m(c). What is the greatest common divisor of 1 and n?
1
Suppose -b = 3*b - 4*t - 248, -8 = 4*t. What is the highest common divisor of b and 40?
20
Suppose -8 = -a - 2. Let u(y) = -17*y + 287. Let h be u(13). What is the highest common factor of h and a?
6
Suppose -2*r + 1240 = 5*w, w + 6*r - 4*r = 248. What is the highest common factor of 12 and w?
4
Let k(a) = 2*a**3 - a**2 + 2*a - 3. Let b be k(2). Let x = -11 + b. Let l be (-15)/(-20)*(x + 14). Calculate the highest common divisor of 3 and l.
3
Let w(x) = 12*x - 74. Let p be w(10). Calculate the greatest common divisor of p and 1058.
46
Let j(q) = -q + 5. Let n be j(17). Let g be -4 + 164 + n/4 - 1. What is the greatest common factor of g and 39?
39
Suppose 3*t - m - 713 - 864 = 0, -4*m - 20 = 0. What is the highest common divisor of t and 4?
4
Suppose o + 4*j + 8 = -0*o, -4*o + 38 = 2*j. Suppose 164 = 3*u - 7*u + 3*r, -3*r = 5*u + 232. Let b = 74 + u. Calculate the highest common divisor of b and o.
6
Let q = 1229 - 1215. Calculate the greatest common factor of 40 and q.
2
Suppose 1275 = -87*w + 92*w. Let m be (-1684)/14 + 4/14. Let g = w + m. What is the greatest common divisor of g and 15?
15
Suppose -96 = d - 3*d. Suppose 113*i - 124*i = -396. What is the highest common factor of d and i?
12
Suppose 0 = 4*x - 36. Suppose -6*l + 0*l = -54. Let s be 1/2*22*l. What is the highest common divisor of x and s?
9
Let h(i) = i - 1 + 10 - 2 + 0. Let l be h(-3). Let t be 19/1 - l - 0. Calculate the highest common factor of t and 6.
3
Let i = 131 + -78. Suppose -3*m = -5*h - 35, i = 5*m - 0*m - 3*h. Calculate the highest common divisor of m and 10.
10
Let r = -223 - -327. What is the greatest common divisor of 4 and r?
4
Let w = -53 + 53. Suppose w = 25*f - 18*f - 560. Let p = 9 + 1. What is the greatest common divisor of f and p?
10
Let i be -46*4 + -4 + -1*2. Let n = i - -478. Calculate the highest common divisor of 36 and n.
36
Let l be 26*2/(-4)*-1. Let q be 61/1 - (13 + -16)*-3. What is the greatest common divisor of l and q?
13
Suppose 38 - 218 = -5*m. Let l be ((-2)/(-3))/(m/5022). Let j be (l - -1) + (5 - 9). What is the greatest common factor of j and 9?
9
Suppose 64*h = 51*h + 2340. What is the highest common factor of 96 and h?
12
Let d = -19 - -10. Let m = 114 + d. Calculate the highest common factor of 70 and m.
35
Let a = -1877 + 1881. Calculate the greatest common factor of a and 17.
1
Suppose -7*f + 12 = -4*f, 5*f - 344 = -3*l. Calculate the highest common divisor of l and 27.
27
Let w be 531/7 + (10/5)/14. Calculate the greatest common divisor of 532 and w.
76
Let d = 809 + -175. Let w be d/10 + 12/20. Suppose -4*s = 4*m - 3*m - 116, -m = 5*s - 121. What is the greatest common divisor of w and m?
32
Let m be 1 + 1 + -1 + 4 + 58. What is the greatest common factor of m and 7?
7
Suppose 83 = p - 34. What is the greatest common factor of p and 130?
13
Let q be ((-4)/8)/(29/30 + -1). Calculate the highest common factor of q and 1455.
15
Suppose -4*g + 7 = -49. Suppose 3*b + 440 = 4*l + 7*b, -3*l - b = -334. What is the greatest common divisor of g and l?
14
Let m(n) = n**2 - 4*n + 5. Let s be m(4). Suppose s*p - 74 = -z, -4*p - z + 17 = -43. What is the greatest common factor of p and 14?
14
Let l = -18 - -20. Suppose -l = 5*t - 12. Let x be 9/t - 2/4. What is the greatest common divisor of 20 and x?
4
Let j(g) = 5*g + 52. Let s be j(-11). Let a(k) = -11*k - 30. Let o be a(s). What is the greatest common factor of 2 and o?
1
Suppose -48*y = -5*y - 5289. Calculate the highest common divisor of 1189 and y.
41
Let n = 12 - 8. Suppose n*q + q = 0. Suppose q = -2*u + 3 + 9. What is the highest common factor of u and 12?
6
Suppose 0*n = -12*n + 372. Calculate the greatest common factor of 62 and n.
31
Suppose -3*w + 4 = -14. Let k(s) = 0*s**3 + 4*s**3 + 7*s**2 + 12 + s - 3*s**3. Let l be k(-6). What is the greatest common factor of l and w?
6
Suppose 7*y - 24 = 3*y. Let a be (0 + -3)*3/(-9). Let i = y + a. What is the greatest common divisor of i and 35?
7
Suppose 9*d - 12*d - 1791 = -4*c, c - 434 = -2*d. Calculate the greatest common divisor of 12 and c.
12
Let k be (-1)/(-4) + 207/4. Let w(b) = -b + 41. Let p be w(-11). Let s be (1 + -13)/((-4)/p*2). Calculate the greatest common factor of k and s.
26
Suppose -m + 23 = -3*o, -3*m - 5 = -o - 66. Let p(q) = q + 7. Let a be p(-3). Calculate the highest common divisor of m and a.
4
Let m(j) be the first derivative of 4*j**3/3 - j**2/2 + 2*j + 3. Let c be m(-3). Calculate the highest common divisor of c and 369.
41
Let a(o) = -o**2 + 14*o + 9. Let i be a(8). Suppose 0 = 4*k - i - 103. Suppose -2*u = -7*u + k. What is the greatest common factor of 56 and u?
8
Let i = -41 + 48. Suppose 6*z - i*z + 120 = 0. Calculate the highest common factor of z and 80.
40
Let j be (28 + 2)*(-6 - 259/(-42)). Let u(g) = 14*g**3 + g**2 + g - 1. Let l be u(1). Calculate the greatest common divisor of l and j.
5
Let k be 2124/66 - (-4)/(-22). Let p = k + -20. Calculate the highest common factor of 4 and p.
4
Let z be 249/2*3*10/15. Suppose -z - 81 = -3*t. Calculate the greatest common factor of t and 22.
22
Let t be (-72)/(-30)*20/(-6). Let q(m) = -m**2 - 6*m + 17. Let j be q(t). Let w(p) = 2*p + 2. Let f be w(j). What is the greatest common factor of f and 16?
4
Suppose 0 = -2*y - 2*y - 252. Let j = y - -113. Let v be (-40)/(-14)*70/20. What is the highest common factor of v and j?
10
Let v(a) = -a. Let t(s) = 6*s + 2. Let n(l) = t(l) - 5*v(l). Let y be n(8). What is the highest common factor of 18 and y?
18
Suppose 23*l - 1115 = 18*l. Let m = -55 + l. Let v(f) = -2*f + 7. Let a be v(-7). What is the greatest common factor of m and a?
21
Let f = -56 - -88. Let i(o) = o**2 - 10*o - 3. Let r be i(11). What is the greatest common factor of r and f?
8
Let a = -56 - -20. Let l = a - -57. Let v(n) = -n - 1. Let s be v(-4). What is the greatest common divisor of l and s?
3
Let i = 46 + -24. Let q(a) = a**2 + 14*a + 34. Let l be q(6). Calculate the highest common factor of l and i.
22
Let d be (-10 - 944/(-24))/(4/150). Calculate the highest common factor of 44 and d.
44
Suppose b - 3*c = 14, -b + 20 = -c + 4*c. Let l = -3 + b. Let t = 205 - 51. Calculate the highest common divisor of l and t.
14
Let u be 5*((-73)/5)/((-1)/2). What is the greatest common factor of 365 and u?
73
Let y = 735 + -687. Calculate the greatest common divisor of 54 and y.
6
Let d = 287 + -16. Let u = d - 191. Calculate the greatest common factor of u and 20.
20
Suppose -8*t - 36 = -4*t. Let b(n) = n**2 + 6*n + 9. Let s be b(t). Let v(x) = -x + 15. Let d be v(6). What is the highest common factor of d and s?
9
Let x be 22/4 - (-1)/(-2). Let h be -3*6/36 + (-10)/(-4). What is the greatest common factor of h and x?
1
Suppose 254 = 7*b + 107. What is the greatest common factor of 56 and b?
7
Suppose 2*v + 54 = -3*x + 8, 4*x + 54 = v. Let n be (-106)/(-14) + (-6)/x. Calculate the greatest common factor of 72 and n.
8
Let b(s) = -s**3 + 6*s**2 + 15*s - 10. Let y be b(7). Let f = 58 - y. Calculate the highest common divisor of f and 6.
6
Let g(c) be the second derivative of c**5/20 + 11*c**4/12 - 7*c**3/3 - c**2 + c. Let l be g(-12). What is the highest common factor of l and 198?
22
Let c(q) = -q**2 + 4*q + 4. Let w be c(4). Suppose -w*n = -12, -2*h = -0*n - 2*n - 94. Suppose 2*b = b + 20. Calculate the greatest common factor of h and b.
10
Suppose 0*n + n + 2*u = 7, -5*n - 3*u = -49. What is the greatest common factor of 4 and n?
1
Let n be 2 - (-4)/8*0. Let h = 9 - n. Let o = 4 + h. Calculate the highest common factor of o and 11.
11
Let i b